{"id":74621,"date":"2026-03-02T08:18:02","date_gmt":"2026-03-02T08:18:02","guid":{"rendered":"https:\/\/tuzilastvo.me\/?post_type=tuzilastva&#038;p=74621"},"modified":"2026-03-02T08:18:02","modified_gmt":"2026-03-02T08:18:02","slug":"podnijet-optuzni-predlog-protiv-policijskog-sluzbenik-zbog-postupanja-dana-12-8-2022-godine-ispred-cetinjskog-manastira","status":"publish","type":"tuzilastva","link":"https:\/\/tuzilastvo.me\/en\/tuzilastva\/podnijet-optuzni-predlog-protiv-policijskog-sluzbenik-zbog-postupanja-dana-12-8-2022-godine-ispred-cetinjskog-manastira\/","title":{"rendered":"Podnijet optu\u017eni predlog protiv policijskog slu\u017ebenik zbog postupanja dana 12.8.2022.godine, ispred Cetinjskog manastira"},"content":{"rendered":"<p>Obavje\u0161tavamo Vas da je Osnovno dr\u017eavno tu\u017eila\u0161tvo u Cetinju dana 26.02.2026.god., Osnovnom sudu u Cetinju podnijelo optu\u017eni predlog protiv policijskog slu\u017ebenika D.\u0106., zbog toga \u0161to je dana 12.8.2022.godine, ispred Cetinjskog manastira o\u010digledno nesavjesno postupao u vr\u0161enju slu\u017ebe i na tra\u017eenje o\u0161te\u0107enog koji je bio te\u0161ko tjelesno povrije\u0111en projektilima ispaljenim iz vatrenog oru\u017eja od strane sada pok. V.B., istome odbio da pru\u017ei pomo\u0107, \u010dime su se, po ocjeni ovog tu\u017eila\u0161tva, u radnjama okrivljenog stekla sva bitna obilje\u017eja bi\u0107a krivi\u010dnog djela nesavjestan rad u slu\u017ebi.&nbsp;<\/p>\n\n\n\n<h4 class=\"wp-block-heading\">&nbsp;&nbsp;&nbsp;&nbsp;&nbsp; OSNOVNO DR\u017dAVNO TU\u017dILA\u0160TO CETINJE<\/h4>\n\n\n\n<p>*<em>Svim korisnicima koji prenose ili preuzimaju objavljenu informaciju o predmetima u kojima su lica prijavljena, osumnji\u010dena, okrivljena ili optu\u017eena za krivi\u010dna djela, Osnovno dr\u017eavno tu\u017eila\u0161tvu u Cetinju ukazuje na pretpostavku nevinosti predvi\u0111enu Ustavom Crne Gore i Zakonikom o krivi\u010dnom postupku, koja podrazumijeva da se svako smatra nevinim dok se njegova krivica ne utvrdi pravosna\u017enom odlukom Suda.<\/em><\/p>\n\n\n\n<p><\/p>","protected":false},"excerpt":{"rendered":"<p>Obavje\u0161tavamo Vas da je Osnovno dr\u017eavno tu\u017eila\u0161tvo u Cetinju dana 26.02.2026.god., Osnovnom sudu u Cetinju podnijelo optu\u017eni predlog protiv policijskog [&hellip;]<\/p>","protected":false},"author":10,"featured_media":0,"comment_status":"closed","ping_status":"closed","template":"","meta":{"_acf_changed":false,"site-sidebar-layout":"default","site-content-layout":"","ast-site-content-layout":"","site-content-style":"default","site-sidebar-style":"default","ast-global-header-display":"","ast-banner-title-visibility":"","ast-main-header-display":"","ast-hfb-above-header-display":"","ast-hfb-below-header-display":"","ast-hfb-mobile-header-display":"","site-post-title":"","ast-breadcrumbs-content":"","ast-featured-img":"","footer-sml-layout":"","theme-transparent-header-meta":"","adv-header-id-meta":"","stick-header-meta":"","header-above-stick-meta":"","header-main-stick-meta":"","header-below-stick-meta":"","astra-migrate-meta-layouts":"default","ast-page-background-enabled":"default","ast-page-background-meta":{"desktop":{"background-color":"var(--ast-global-color-4)","background-image":"","background-repeat":"repeat","background-position":"center center","background-size":"auto","background-attachment":"scroll","background-type":"","background-media":"","overlay-type":"","overlay-color":"","overlay-opacity":"","overlay-gradient":""},"tablet":{"background-color":"","background-image":"","background-repeat":"repeat","background-position":"center center","background-size":"auto","background-attachment":"scroll","background-type":"","background-media":"","overlay-type":"","overlay-color":"","overlay-opacity":"","overlay-gradient":""},"mobile":{"background-color":"","background-image":"","background-repeat":"repeat","background-position":"center center","background-size":"auto","background-attachment":"scroll","background-type":"","background-media":"","overlay-type":"","overlay-color":"","overlay-opacity":"","overlay-gradient":""}},"ast-content-background-meta":{"desktop":{"background-color":"var(--ast-global-color-5)","background-image":"","background-repeat":"repeat","background-position":"center center","background-size":"auto","background-attachment":"scroll","background-type":"","background-media":"","overlay-type":"","overlay-color":"","overlay-opacity":"","overlay-gradient":""},"tablet":{"background-color":"var(--ast-global-color-5)","background-image":"","background-repeat":"repeat","background-position":"center center","background-size":"auto","background-attachment":"scroll","background-type":"","background-media":"","overlay-type":"","overlay-color":"","overlay-opacity":"","overlay-gradient":""},"mobile":{"background-color":"var(--ast-global-color-5)","background-image":"","background-repeat":"repeat","background-position":"center center","background-size":"auto","background-attachment":"scroll","background-type":"","background-media":"","overlay-type":"","overlay-color":"","overlay-opacity":"","overlay-gradient":""}}},"uredjivanje":[82],"vrsta_sadrzaja":[106,105],"class_list":["post-74621","tuzilastva","type-tuzilastva","status-publish","hentry","uredjivanje-odt-cetinje","vrsta_sadrzaja-aktuelnosti","vrsta_sadrzaja-mediji"],"acf":[],"_links":{"self":[{"href":"https:\/\/tuzilastvo.me\/en\/wp-json\/wp\/v2\/tuzilastva\/74621","targetHints":{"allow":["GET"]}}],"collection":[{"href":"https:\/\/tuzilastvo.me\/en\/wp-json\/wp\/v2\/tuzilastva"}],"about":[{"href":"https:\/\/tuzilastvo.me\/en\/wp-json\/wp\/v2\/types\/tuzilastva"}],"author":[{"embeddable":true,"href":"https:\/\/tuzilastvo.me\/en\/wp-json\/wp\/v2\/users\/10"}],"replies":[{"embeddable":true,"href":"https:\/\/tuzilastvo.me\/en\/wp-json\/wp\/v2\/comments?post=74621"}],"wp:attachment":[{"href":"https:\/\/tuzilastvo.me\/en\/wp-json\/wp\/v2\/media?parent=74621"}],"wp:term":[{"taxonomy":"uredjivanje","embeddable":true,"href":"https:\/\/tuzilastvo.me\/en\/wp-json\/wp\/v2\/uredjivanje?post=74621"},{"taxonomy":"vrsta_sadrzaja","embeddable":true,"href":"https:\/\/tuzilastvo.me\/en\/wp-json\/wp\/v2\/vrsta_sadrzaja?post=74621"}],"curies":[{"name":"wp","href":"https:\/\/api.w.org\/{rel}","templated":true}]}}

Podnijet optužni predlog protiv policijskog službenik zbog postupanja dana 12.8.2022.godine, ispred Cetinjskog manastira

<p>Obavještavamo Vas da je Osnovno državno tužilaštvo u Cetinju dana 26.02.2026.god., Osnovnom sudu u Cetinju podnijelo optužni predlog protiv policijskog službenika D.Ć., zbog toga što je dana 12.8.2022.godine, ispred Cetinjskog manastira očigledno nesavjesno postupao u vršenju službe i na traženje oštećenog koji je bio teško tjelesno povrijeđen projektilima ispaljenim iz vatrenog oružja od strane sada pok. V.B., istome odbio da pruži pomoć, čime su se, po ocjeni ovog tužilaštva, u radnjama okrivljenog stekla sva bitna obilježja bića krivičnog djela nesavjestan rad u službi.&nbsp;</p>



<h4 class="wp-block-heading">&nbsp;&nbsp;&nbsp;&nbsp;&nbsp; OSNOVNO DRŽAVNO TUŽILAŠTO CETINJE</h4>



<p>*<em>Svim korisnicima koji prenose ili preuzimaju objavljenu informaciju o predmetima u kojima su lica prijavljena, osumnjičena, okrivljena ili optužena za krivična djela, Osnovno državno tužilaštvu u Cetinju ukazuje na pretpostavku nevinosti predviđenu Ustavom Crne Gore i Zakonikom o krivičnom postupku, koja podrazumijeva da se svako smatra nevinim dok se njegova krivica ne utvrdi pravosnažnom odlukom Suda.</em></p>



<p></p>

<p>Obavještavamo Vas da je Osnovno državno tužilaštvo u Cetinju dana 26.02.2026.god., Osnovnom sudu u Cetinju podnijelo optužni predlog protiv policijskog [&hellip;]</p>
