{"id":75671,"date":"2026-04-28T12:03:37","date_gmt":"2026-04-28T12:03:37","guid":{"rendered":"https:\/\/tuzilastvo.me\/?post_type=tuzilastva&#038;p=75671"},"modified":"2026-04-28T12:03:40","modified_gmt":"2026-04-28T12:03:40","slug":"zadrzavanje-zbog-prijetnji-policajcu","status":"publish","type":"tuzilastva","link":"https:\/\/tuzilastvo.me\/en\/tuzilastva\/zadrzavanje-zbog-prijetnji-policajcu\/","title":{"rendered":"Zadr\u017eavanje zbog prijetnji policajcu"},"content":{"rendered":"<p>Po nalogu Osnovnog dr\u017eavnog tu\u017eila\u0161tva u Ro\u017eajama, slu\u017ebenici Regionalnog centra bezbjednosti \u201cSjever\u201d \u2013 OB Ro\u017eaje,&nbsp; li\u0161ili su slobode osumnji\u010denog J. K.&nbsp; (1987. godi\u0161te) iz Ro\u017eaja, zbog krivi\u010dnog djela napad na slu\u017ebeno lice u vr\u0161enju slu\u017ebene du\u017enosti. Nakon saslu\u0161anja u tu\u017eila\u0161tvu, osumnji\u010denom je odre\u0111eno zadr\u017eavanje u trajanju do 72 h, od \u010dasa li\u0161enja slobode.<\/p>\n\n\n\n<p>Iz krivi\u010dne prijave i prilo\u017eenih dokaza proizilazi osnovana sumnja da je osumnji\u010deni J.K. iz Ro\u017eaja, dana 27.04.2026.godine, oko 00,45 h, u mjestu Rasadnik, Op\u0161tina Ro\u017eaje, prijetio slu\u017ebeniku policije A.N. koji je vr\u0161io slu\u017ebenu radnju kontrole i regulisanja saobra\u0107aja, tako \u0161to mu je upu\u0107ivao rije\u010di da \u0107e ga zaklati, ubiti, da \u0107e ga zapamtiti kada skine uniformu, i da \u0107e mu platiti kad tad.<\/p>\n\n\n\n<p>Postupak izvi\u0111aja je u toku.<\/p>\n\n\n\n<p><strong>OSNOVNO DR\u017dAVNO TU\u017dILA\u0160TVO RO\u017dAJE<\/strong><\/p>\n\n\n\n<p><em><strong>Svim korisnicima koji prenose ili preuzimaju objavljenu informaciju u kojima su lica prijavljena, optu\u017eena, okrivljena ili optu\u017eena za krivi\u010dna djela, Osnovno dr\u017eavno tu\u017eila\u0161tvo u Ro\u017eajama ukazuje na pretpostavku nevinosti predvi\u0111ene Ustavom Crne Gore i Zakonikom o krivi\u010dnom postupku koji podrazumijeva da se svakako smatra nevinim dok se njegova krivica ne utvr\u0111uje pravosna\u017enom odlukom suda.<\/strong><\/em><\/p>","protected":false},"excerpt":{"rendered":"<p>Po nalogu Osnovnog dr\u017eavnog tu\u017eila\u0161tva u Ro\u017eajama, slu\u017ebenici Regionalnog centra bezbjednosti \u201cSjever\u201d \u2013 OB Ro\u017eaje,&nbsp; li\u0161ili su slobode osumnji\u010denog J. [&hellip;]<\/p>","protected":false},"author":20,"featured_media":0,"comment_status":"closed","ping_status":"closed","template":"","meta":{"_acf_changed":false,"site-sidebar-layout":"default","site-content-layout":"","ast-site-content-layout":"","site-content-style":"default","site-sidebar-style":"default","ast-global-header-display":"","ast-banner-title-visibility":"","ast-main-header-display":"","ast-hfb-above-header-display":"","ast-hfb-below-header-display":"","ast-hfb-mobile-header-display":"","site-post-title":"","ast-breadcrumbs-content":"","ast-featured-img":"","footer-sml-layout":"","theme-transparent-header-meta":"","adv-header-id-meta":"","stick-header-meta":"","header-above-stick-meta":"","header-main-stick-meta":"","header-below-stick-meta":"","astra-migrate-meta-layouts":"default","ast-page-background-enabled":"default","ast-page-background-meta":{"desktop":{"background-color":"var(--ast-global-color-4)","background-image":"","background-repeat":"repeat","background-position":"center center","background-size":"auto","background-attachment":"scroll","background-type":"","background-media":"","overlay-type":"","overlay-color":"","overlay-opacity":"","overlay-gradient":""},"tablet":{"background-color":"","background-image":"","background-repeat":"repeat","background-position":"center center","background-size":"auto","background-attachment":"scroll","background-type":"","background-media":"","overlay-type":"","overlay-color":"","overlay-opacity":"","overlay-gradient":""},"mobile":{"background-color":"","background-image":"","background-repeat":"repeat","background-position":"center center","background-size":"auto","background-attachment":"scroll","background-type":"","background-media":"","overlay-type":"","overlay-color":"","overlay-opacity":"","overlay-gradient":""}},"ast-content-background-meta":{"desktop":{"background-color":"var(--ast-global-color-5)","background-image":"","background-repeat":"repeat","background-position":"center center","background-size":"auto","background-attachment":"scroll","background-type":"","background-media":"","overlay-type":"","overlay-color":"","overlay-opacity":"","overlay-gradient":""},"tablet":{"background-color":"var(--ast-global-color-5)","background-image":"","background-repeat":"repeat","background-position":"center center","background-size":"auto","background-attachment":"scroll","background-type":"","background-media":"","overlay-type":"","overlay-color":"","overlay-opacity":"","overlay-gradient":""},"mobile":{"background-color":"var(--ast-global-color-5)","background-image":"","background-repeat":"repeat","background-position":"center center","background-size":"auto","background-attachment":"scroll","background-type":"","background-media":"","overlay-type":"","overlay-color":"","overlay-opacity":"","overlay-gradient":""}}},"uredjivanje":[103],"vrsta_sadrzaja":[106],"class_list":["post-75671","tuzilastva","type-tuzilastva","status-publish","hentry","uredjivanje-odt-rozaje","vrsta_sadrzaja-aktuelnosti"],"acf":[],"_links":{"self":[{"href":"https:\/\/tuzilastvo.me\/en\/wp-json\/wp\/v2\/tuzilastva\/75671","targetHints":{"allow":["GET"]}}],"collection":[{"href":"https:\/\/tuzilastvo.me\/en\/wp-json\/wp\/v2\/tuzilastva"}],"about":[{"href":"https:\/\/tuzilastvo.me\/en\/wp-json\/wp\/v2\/types\/tuzilastva"}],"author":[{"embeddable":true,"href":"https:\/\/tuzilastvo.me\/en\/wp-json\/wp\/v2\/users\/20"}],"replies":[{"embeddable":true,"href":"https:\/\/tuzilastvo.me\/en\/wp-json\/wp\/v2\/comments?post=75671"}],"wp:attachment":[{"href":"https:\/\/tuzilastvo.me\/en\/wp-json\/wp\/v2\/media?parent=75671"}],"wp:term":[{"taxonomy":"uredjivanje","embeddable":true,"href":"https:\/\/tuzilastvo.me\/en\/wp-json\/wp\/v2\/uredjivanje?post=75671"},{"taxonomy":"vrsta_sadrzaja","embeddable":true,"href":"https:\/\/tuzilastvo.me\/en\/wp-json\/wp\/v2\/vrsta_sadrzaja?post=75671"}],"curies":[{"name":"wp","href":"https:\/\/api.w.org\/{rel}","templated":true}]}}

Zadržavanje zbog prijetnji policajcu

<p>Po nalogu Osnovnog državnog tužilaštva u Rožajama, službenici Regionalnog centra bezbjednosti “Sjever” – OB Rožaje,&nbsp; lišili su slobode osumnjičenog J. K.&nbsp; (1987. godište) iz Rožaja, zbog krivičnog djela napad na službeno lice u vršenju službene dužnosti. Nakon saslušanja u tužilaštvu, osumnjičenom je određeno zadržavanje u trajanju do 72 h, od časa lišenja slobode.</p>



<p>Iz krivične prijave i priloženih dokaza proizilazi osnovana sumnja da je osumnjičeni J.K. iz Rožaja, dana 27.04.2026.godine, oko 00,45 h, u mjestu Rasadnik, Opština Rožaje, prijetio službeniku policije A.N. koji je vršio službenu radnju kontrole i regulisanja saobraćaja, tako što mu je upućivao riječi da će ga zaklati, ubiti, da će ga zapamtiti kada skine uniformu, i da će mu platiti kad tad.</p>



<p>Postupak izviđaja je u toku.</p>



<p><strong>OSNOVNO DRŽAVNO TUŽILAŠTVO ROŽAJE</strong></p>



<p><em><strong>Svim korisnicima koji prenose ili preuzimaju objavljenu informaciju u kojima su lica prijavljena, optužena, okrivljena ili optužena za krivična djela, Osnovno državno tužilaštvo u Rožajama ukazuje na pretpostavku nevinosti predviđene Ustavom Crne Gore i Zakonikom o krivičnom postupku koji podrazumijeva da se svakako smatra nevinim dok se njegova krivica ne utvrđuje pravosnažnom odlukom suda.</strong></em></p>

<p>Po nalogu Osnovnog državnog tužilaštva u Rožajama, službenici Regionalnog centra bezbjednosti “Sjever” – OB Rožaje,&nbsp; lišili su slobode osumnjičenog J. [&hellip;]</p>
